s digit of 43142552?
3
What is the units digit of 235729834?
4
What is the units digit of 32471172?
2
What is the ten millions digit of 26671664?
2
What is the thousands digit of 79515478?
5
What is the millions digit of 3184180529?
4
What is the billions digit of 1161635489?
1
What is the tens digit of 30350243?
4
What is the hundred millions digit of 1217179658?
2
What is the millions digit of 668196342?
8
What is the units digit of 616320299?
9
What is the billions digit of 1481081492?
1
What is the thousands digit of 88760440?
0
What is the millions digit of 3426244918?
6
What is the thousands digit of 1651281552?
1
What is the millions digit of 2795070000?
5
What is the hundred thousands digit of 1769627906?
6
What is the thousands digit of 51308093?
8
What is the units digit of 6666572?
2
What is the hundreds digit of 2476092849?
8
What is the tens digit of 345959419?
1
What is the tens digit of 44474620?
2
What is the hundred millions digit of 305096509?
3
What is the hundreds digit of 141818810?
8
What is the hundred millions digit of 216640072?
2
What is the hundreds digit of 69111137?
1
What is the units digit of 196917305?
5
What is the hundreds digit of 1174266699?
6
What is the units digit of 25690499?
9
What is the tens digit of 301361012?
1
What is the tens digit of 3983700875?
7
What is the tens digit of 242434137?
3
What is the units digit of 4751778168?
8
What is the units digit of 120933069?
9
What is the units digit of 11414408?
8
What is the hundreds digit of 488176779?
7
What is the ten millions digit of 462922282?
6
What is the hundred millions digit of 296137817?
2
What is the ten millions digit of 2712857073?
1
What is the hundreds digit of 1334756720?
7
What is the hundred thousands digit of 3691667844?
6
What is the ten millions digit of 63408427?
6
What is the hundred millions digit of 1906174264?
9
What is the hundred thousands digit of 20182358?
1
What is the ten millions digit of 20559531?
2
What is the thousands digit of 790415636?
5
What is the units digit of 97136343?
3
What is the hundreds digit of 320587053?
0
What is the billions digit of 4533461001?
4
What is the ten millions digit of 67716809?
6
What is the hundreds digit of 1490057305?
3
What is the tens digit of 40617392?
9
What is the units digit of 164360317?
7
What is the tens digit of 720544108?
0
What is the hundred thousands digit of 1809107332?
1
What is the hundred thousands digit of 3428128?
4
What is the ten millions digit of 845621417?
4
What is the tens digit of 30108204?
0
What is the units digit of 388513897?
7
What is the hundreds digit of 1450214174?
1
What is the tens digit of 248905311?
1
What is the units digit of 189672047?
7
What is the ten millions digit of 111156104?
1
What is the ten thousands digit of 2108703404?
0
What is the tens digit of 1997780523?
2
What is the thousands digit of 7185880170?
0
What is the millions digit of 37997328?
7
What is the millions digit of 302424395?
2
What is the ten thousands digit of 423091034?
9
What is the millions digit of 865246231?
5
What is the thousands digit of 1001702709?
2
What is the thousands digit of 905277553?
7
What is the tens digit of 400753677?
7
What is the ten millions digit of 646066939?
4
What is the hundred millions digit of 1019708889?
0
What is the units digit of 688362715?
5
What is the thousands digit of 196926273?
6
What is the hundred millions digit of 722567755?
7
What is the tens digit of 21268096?
9
What is the hundred millions digit of 200574005?
2
What is the ten thousands digit of 939115822?
1
What is the hundred thousands digit of 3010911806?
9
What is the hundred thousands digit of 936732499?
7
What is the ten millions digit of 14737272?
1
What is the ten thousands digit of 122586148?
8
What is the ten thousands digit of 10623628?
2
What is the tens digit of 2255616610?
1
What is the ten thousands digit of 6324276?
2
What is the millions digit of 868946965?
8
What is the units digit of 16000512?
2
What is the hundred thousands digit of 702700191?
7
What is the ten thousands digit of 142164211?
6
What is the thousands digit of 2321822543?
2
What is the ten thousands digit of 51041397?
4
What is the units digit of 137435882?
2
What is the tens digit of 277786694?
9
What is the millions digit of 1231979467?
1
What is the ten millions digit of 451394266?
5
What is the ten thousands digit of 78231297?
3
What is the tens digit of 33550471?
7
What is the hundreds digit of 2544352?
3
What is the ten thousands digit of 644872279?
7
What is the units digit of 10761653?
3
What is the hundred thousands digit of 44997119?
9
What is the tens digit of 6722013043?
4
What is the hundred thousands digit of 52237562?
2
What is the hundred thousands digit of 852490838?
4
What is the thousands digit of 5659810596?
0
What is the millions digit of 40114470?
0
What is the tens digit of 129003597?
9
What is the units digit of 24142612?
2
What is the millions digit of 66400053?
6
What is the hundreds digit of 58582332?
3
What is the thousands digit of 9048653165?
3
What is the ten thousands digit of 2501614374?
1
What is the hundred thousands digit of 29695746?
6
What is the units digit of 61246028?
8
What is the hundreds digit of 14637888?
8
What is the ten millions digit of 2083696385?
8
What is the units digit of 198333860?
0
What is the tens digit of 1483532565?
6
What is the hundreds digit of 343303469?
4
What is the ten thousands digit of 13101546?
0
What is the hundred thousands digit of 1745059768?
0
What is the units digit of 5948200851?
1
What is the hundreds digit of 561924399?
3
What is the tens digit of 594656383?
8
What is the units digit of 28212954?
4
What is the thousands digit of 2265211960?
1
What is the ten thousands digit of 3027440454?
4
What is the hundreds digit of 67610960?
9
What is the hundred millions digit of 149538060?
1
What is the thousands digit of 128248108?
8
What is the ten millions digit of 169226801?
6
What is the ten millions digit of 11090543?
1
What is the millions digit of 114525442?
4
What is the hundreds digit of 387536359?
3
What is the ten millions digit of 12867529?
1
What is the millions digit of 134560945?
4
What is the tens digit of 71517469?
6
What is the hundred millions digit of 499333702?
4
What is the millions digit of 281645629?
1
What is the tens digit of 42012117?
1
What is the units digit of 670704876?
6
What is the hundred thousands digit of 297358307?
3
What is the hundred millions digit of 370620789?
3
What is the hundred thousands digit of 4959719756?
7
What is the thousands digit of 41186800?
6
What is the hundred millions digit of 551855498?
5
What is the hundreds digit of 153066296?
2
What is the hundreds digit of 246495276?
2
What is the ten thousands digit of 53541706?
4
What is the tens digit of 67294778?
7
What is the hundred thousands digit of 52428354?
4
What is the thousands digit of 577751028?
1
What is the hundreds digit of 956216208?
2
What is the units digit of 49811901?
1
What is the hundred thousands digit of 20277579?
2
What is the units digit of 399359650?
0
What is the ten thousands digit of 393646835?
4
What is the hundreds digit of 161234657?
6
What is the ten thousands digit of 244316805?
1
What is the ten millions digit of 2360144565?
6
What is the hundreds digit of 904480660?
6
What is the tens digit of 75187749?
4
What is the hundreds digit of 595114057?
0
What is the ten thousands digit of 1127968277?
6
What is the thousands digit of 1276528272?
8
What is the ten thousands digit of 4635689092?
8
What is the units digit of 93330614?
4
What is the millions digit of 551068018?
1
What is the hundreds digit of 816051939?
9
What is the ten thousands digit of 8000030147?
3
What is the millions digit of 327807586?
7
What is the millions digit of 667919755?
7
What is the hundred thousands digit of 451970137?
9
What is the units digit of 72108931?
1
What is the hundred millions digit of 989803847?
9
What is the ten thousands digit of 1949106617?
0
What is the ten thousands digit of 207881599?
8
What is the hundred thousands digit of 371441828?
4
What is the thousands digit of 66148602?
8
What is the hundred thousands digit of 11536134?
5
What is the hundreds digit of 10699918?
9
What is the units digit 